70 and 238?
34
Calculate the greatest common factor of 417 and 3892.
139
Calculate the highest common factor of 2910 and 870.
30
Calculate the highest common divisor of 25 and 91275.
25
What is the highest common factor of 342 and 570?
114
Calculate the highest common divisor of 1001 and 728.
91
Calculate the greatest common factor of 36 and 1.
1
Calculate the greatest common divisor of 1479 and 17.
17
What is the greatest common factor of 725 and 10295?
145
What is the greatest common factor of 268 and 76?
4
Calculate the highest common divisor of 20 and 4.
4
What is the greatest common divisor of 6 and 27?
3
Calculate the highest common divisor of 704 and 682.
22
What is the highest common factor of 1719 and 9?
9
Calculate the greatest common divisor of 5 and 11305.
5
What is the highest common divisor of 438 and 6?
6
What is the highest common divisor of 3096 and 1368?
72
What is the highest common divisor of 228 and 186?
6
What is the highest common divisor of 108 and 12?
12
What is the highest common divisor of 876 and 12?
12
Calculate the greatest common divisor of 1073 and 29.
29
Calculate the highest common factor of 164 and 76.
4
What is the highest common divisor of 240 and 45?
15
Calculate the greatest common divisor of 1 and 303.
1
What is the greatest common factor of 567 and 525?
21
Calculate the highest common factor of 832 and 338.
26
Calculate the highest common factor of 52 and 3172.
52
What is the greatest common divisor of 7 and 49?
7
What is the greatest common factor of 4559 and 291?
97
Calculate the greatest common divisor of 256 and 32.
32
Calculate the greatest common factor of 32 and 4.
4
What is the highest common factor of 88 and 891?
11
What is the highest common divisor of 507 and 78?
39
Calculate the highest common factor of 6 and 214.
2
Calculate the greatest common divisor of 154 and 88.
22
What is the greatest common divisor of 765 and 75?
15
What is the greatest common divisor of 505 and 303?
101
Calculate the greatest common factor of 15 and 1365.
15
What is the greatest common factor of 68 and 6766?
34
Calculate the greatest common factor of 7 and 21.
7
What is the highest common factor of 85 and 20?
5
What is the greatest common factor of 1366 and 2?
2
What is the greatest common factor of 856 and 321?
107
Calculate the greatest common divisor of 8 and 8.
8
Calculate the highest common divisor of 17355 and 39.
39
Calculate the highest common factor of 102 and 68.
34
Calculate the greatest common factor of 9499 and 826.
413
Calculate the greatest common divisor of 75 and 4425.
75
Calculate the greatest common divisor of 100 and 3520.
20
What is the greatest common factor of 1898 and 52?
26
Calculate the greatest common factor of 70 and 455.
35
What is the greatest common divisor of 6 and 12?
6
What is the highest common factor of 300 and 6180?
60
Calculate the highest common divisor of 24 and 5048.
8
What is the greatest common factor of 70 and 98?
14
Calculate the highest common divisor of 51 and 34.
17
What is the highest common factor of 8264 and 8?
8
Calculate the highest common divisor of 2475 and 375.
75
What is the greatest common factor of 860 and 20?
20
What is the highest common factor of 10 and 95?
5
What is the greatest common factor of 93 and 310?
31
What is the highest common divisor of 368 and 4876?
92
What is the highest common factor of 9459 and 9?
9
Calculate the greatest common divisor of 120 and 72.
24
Calculate the greatest common divisor of 18174 and 312.
78
Calculate the greatest common factor of 62 and 899.
31
Calculate the highest common divisor of 122 and 8.
2
Calculate the highest common factor of 168 and 2072.
56
What is the greatest common divisor of 24 and 744?
24
Calculate the greatest common factor of 53 and 7897.
53
What is the greatest common factor of 1755 and 75?
15
Calculate the highest common factor of 51 and 1887.
51
Calculate the highest common factor of 15407 and 434.
217
Calculate the highest common factor of 195 and 3835.
65
What is the highest common factor of 759 and 33?
33
Calculate the highest common divisor of 2755 and 95.
95
Calculate the highest common factor of 98 and 448.
14
What is the highest common divisor of 440 and 1170?
10
What is the highest common divisor of 59 and 59?
59
Calculate the greatest common factor of 42 and 42.
42
Calculate the highest common divisor of 1121 and 295.
59
Calculate the highest common divisor of 549 and 18.
9
What is the highest common factor of 88 and 2?
2
What is the greatest common factor of 483 and 1134?
21
Calculate the highest common divisor of 188 and 1222.
94
Calculate the greatest common divisor of 1978 and 172.
86
What is the highest common divisor of 1308 and 24?
12
Calculate the highest common factor of 52 and 48.
4
What is the greatest common divisor of 608 and 1558?
38
What is the highest common divisor of 2 and 94?
2
Calculate the highest common divisor of 160 and 288.
32
Calculate the greatest common factor of 34 and 28.
2
Calculate the highest common factor of 15 and 1.
1
Calculate the highest common factor of 104 and 13.
13
What is the highest common divisor of 234 and 65?
13
Calculate the greatest common factor of 19272 and 3.
3
What is the greatest common divisor of 168 and 924?
84
What is the highest common divisor of 513 and 108?
27
What is the highest common factor of 8 and 56?
8
What is the greatest common divisor of 61 and 9?
1
Calculate the highest common factor of 3591 and 1463.
133
What is the highest common factor of 572 and 3025?
11
What is the highest common factor of 44 and 66?
22
Calculate the highest common divisor of 307 and 4.
1
What is the greatest common divisor of 4204 and 4?
4
What is the highest common factor of 164 and 5986?
82
What is the highest common factor of 34 and 51?
17
What is the greatest common factor of 800 and 1700?
100
Calculate the highest common factor of 135 and 6645.
15
What is the highest common factor of 1180 and 15?
5
What is the greatest common factor of 111 and 3219?
111
Calculate the greatest common factor of 21168 and 280.
56
What is the highest common divisor of 250 and 12625?
125
Calculate the greatest common factor of 105 and 525.
105
What is the greatest common divisor of 33 and 209?
11
What is the highest common factor of 18 and 222?
6
Calculate the highest common factor of 558 and 1488.
186
What is the highest common divisor of 8 and 2104?
8
Calculate the greatest common factor of 20312 and 16.
8
Calculate the highest common divisor of 3487 and 44.
11
Calculate the highest common factor of 808 and 2929.
101
Calculate the highest common divisor of 17 and 3638.
17
What is the highest common factor of 94 and 1034?
94
What is the greatest common divisor of 128 and 8?
8
Calculate the greatest common divisor of 2496 and 390.
78
Calculate the highest common factor of 4135 and 20.
5
Calculate the highest common divisor of 38 and 18.
2
What is the highest common factor of 4992 and 4056?
312
Calculate the highest common divisor of 220 and 132.
44
What is the highest common factor of 8281 and 49?
49
What is the greatest common factor of 3 and 8?
1
Calculate the greatest common divisor of 12 and 11100.
12
What is the highest common factor of 167 and 17368?
167
Calculate the highest common factor of 62 and 9331.
31
Calculate the highest common divisor of 5 and 10.
5
What is the greatest common factor of 5430 and 30?
30
Calculate the greatest common factor of 696 and 2262.
174
What is the greatest common factor of 1816 and 16?
8
What is the greatest common factor of 129 and 172?
43
Calculate the highest common divisor of 48 and 200.
8
What is the greatest common factor of 6 and 15?
3
What is the greatest common divisor of 8646 and 66?
66
What is the highest common divisor of 363 and 121?
121
Calculate the highest common factor of 58 and 9106.
58
Calculate the greatest common divisor of 52 and 8.
4
What is the highest common factor of 39 and 12?
3
What is the greatest common factor of 256 and 1280?
256
What is the greatest common divisor of 304 and 1311?
19
Calculate the greatest common divisor of 171 and 38.
19
What is the greatest common divisor of 51 and 3?
3
What is the highest common divisor of 38 and 475?
19
What is the greatest common factor of 27 and 817